2 + 4*a + 2. Calculate the remainder when 67 is divided by y(-3).
32
Let h(m) = m**3 + 2*m**2 + m. Let g be h(-1). Let r be g + 55 + 2 + -1. Calculate the remainder when 10 is divided by 4/(-18) - r/(-9).
4
Suppose 0 = -3*a - 2*y + 17 - 5, -17 = -4*a - 3*y. Suppose 2*g = 6 + a. Calculate the remainder when g is divided by 4.
0
Let j = 39 - 0. Suppose -u - 15 = -x, -12*u = -11*u + 1. What is the remainder when j is divided by x?
11
Let o be (-20)/6*3/(-2). Suppose 0 = -2*z + 4*i - 1 + o, i - 5 = -z. What is the remainder when 10 is divided by z?
2
Let f = 246 + -230. Suppose -4*z - 2 = -10. Suppose -4*v - 37 = -5*h, -z*h = -h - 4*v - 1. Calculate the remainder when f is divided by h.
7
Suppose -n - 105 = 3*v, -n = -3*v - 0*v + 123. Let i = n + 161. What is the remainder when i is divided by 16?
15
Suppose -5*t = 2*k + 4, -2*k + 3*k = -4*t - 5. Calculate the remainder when 11 is divided by k.
2
Suppose 117 = -11*s + 414. What is the remainder when s is divided by 14?
13
Let m = 19 - 17. Calculate the remainder when m is divided by 2.
0
Let j(u) = u**2 - 2*u - 5. Calculate the remainder when j(7) is divided by 11.
8
Suppose -4*g = -0 + 16. What is the remainder when g/(-3)*105/10 is divided by 9?
5
Suppose 2*g - 5*g = -33. Let h(a) = -a**3 - 9*a**2 - 20*a + 7. What is the remainder when h(-6) is divided by g?
8
Let b = 35 + -20. Calculate the remainder when 43 is divided by b.
13
Let g(d) = d**3 - 9*d**2 - 11*d + 13. Let o be g(10). Calculate the remainder when 34 is divided by (-4)/((-12)/27) + o.
10
Suppose -2*u - 3*p + 241 = 0, 3*u - p = 474 - 140. What is the remainder when u is divided by 29?
26
Let o(b) = 0*b**3 - 9 - 6*b + b**3 - 5*b**2 - b**2. Let d be o(7). Let c = d + 4. Calculate the remainder when 3 is divided by c.
1
Let u = -64 - -31. Let n = -17 - u. Suppose -4*y + 8 + 16 = 0. Calculate the remainder when n is divided by y.
4
Suppose 0 = -3*r - d + 31, 12 + 38 = 4*r - 3*d. What is the remainder when 18 is divided by r?
7
Let l = -17 - -22. Calculate the remainder when l is divided by 3.
2
Suppose -2*u - 4 = -16. Calculate the remainder when 6 is divided by u.
0
Suppose 4*j + 5*c = 49, -3*j + 35 = 3*c - c. What is the remainder when 40 is divided by j?
7
Suppose -14*o - 46 = -256. Calculate the remainder when o is divided by 4.
3
Suppose 4 - 34 = 3*a. Let f = a - -23. Calculate the remainder when f is divided by 7.
6
Suppose 0 = -4*o + 3*o. Let f(i) = 6*i. Calculate the remainder when (o - -2) + (16 - 2) is divided by f(1).
4
Calculate the remainder when 84 is divided by (2 - -32 - -2) + 0.
12
What is the remainder when 50 - 2/(-1)*2 is divided by 28?
26
Let s = -7 + 14. Calculate the remainder when 20 is divided by s.
6
Let t = -190 - -357. What is the remainder when t is divided by 24?
23
Let f be 35/6 - 3/(-18). Calculate the remainder when (8/(-5))/(f/(-30)) is divided by 5.
3
Suppose 8*l - 4*l - 188 = 0. Calculate the remainder when l is divided by 12.
11
Let i(y) = y**3 - 5*y**2 - y + 1. Let z be i(5). Let a be (-1 - z)/(3/(-2)). What is the remainder when 8 is divided by a/(2 + (-16)/6)?
2
Suppose -22*u + 21*u = -33. Calculate the remainder when u is divided by 18.
15
Let z = 3 + -5. What is the remainder when 61 is divided by (-3)/z + (-87)/(-6)?
13
Let w = -19 - -23. What is the remainder when 14 is divided by w?
2
Let m(w) = 2*w**2 + 12*w - 7. What is the remainder when 19 is divided by m(-7)?
5
Let q = 21 - 17. Suppose 0 = -z + 3 - 0. What is the remainder when q is divided by z?
1
Suppose 0 = -y + p, -2*p + 6*p = -4*y. Suppose 0 = -2*g - 30 + 530. Suppose 2*h + 3*h - g = y. What is the remainder when h is divided by 26?
24
Let b(j) = -j - 7. Let q be b(-10). Let a(n) = -n - 4. Let c be a(-9). Suppose q*i + i + r = 19, c*r - 11 = i. What is the remainder when 6 is divided by i?
2
Suppose -5*f = -2*c + 120, 0 = 3*c - c - 2*f - 126. What is the remainder when c is divided by 18?
11
Let a(d) = -3*d - 4. Let y(h) = -14*h - 21. Let g(z) = 21*a(z) - 4*y(z). Calculate the remainder when 19 is divided by g(-1).
5
Let l = 39 - 25. Let i = 6 - 4. Suppose v + i*a = l, v + 4*a = -a + 29. Calculate the remainder when 7 is divided by v.
3
Let u(p) = 12*p**2 + p. Let g(x) = x**2 - 3*x - 8. Let d = -11 - -18. Calculate the remainder when g(d) is divided by u(-1).
9
Suppose -31 = -6*h + 47. Suppose 5*q = -g + 16 - 2, -g = -4*q + h. Calculate the remainder when 6 is divided by q.
0
Let u(s) = -s**3 - 8*s**2 - 6*s - 6. Let n be u(-5). Let x = n + 126. Calculate the remainder when x is divided by 19.
18
Let x = -157 - -166. Calculate the remainder when 32 is divided by x.
5
Let a = -27 - -8. Let w = a - -39. Calculate the remainder when 38 is divided by w.
18
Suppose -3*i + 0*i + 33 = 0. Suppose -5*f + 11 = -9. What is the remainder when i is divided by f?
3
Let o be (-1)/(3/(-5 + -1)). Suppose z = o*z. Let n = 2 - z. What is the remainder when n is divided by 1?
0
Let j = 50 + -30. Calculate the remainder when j is divided by 8.
4
Let t(b) = 2 + 0*b + 3*b + 0*b. Calculate the remainder when t(5) is divided by 6.
5
Suppose a + 3*a = -36. Let m = 5 + a. What is the remainder when 20/(-15)*6/m is divided by 2?
0
Let d = 29 + -18. What is the remainder when 43 is divided by d?
10
Suppose 4*q - 43 + 15 = 0. What is the remainder when 13 is divided by q?
6
Let x = 5 + 0. Let b(z) = z**2 - z. Suppose 3*y - 3 = 3. What is the remainder when x is divided by b(y)?
1
Suppose -5*m - 3*q = -0*m - 10, 0 = 5*m + 4*q - 10. Suppose 0 = -3*p, -2*b - 3*p = -0*b - m. What is the remainder when 1 is divided by b?
0
Let s(k) be the second derivative of -k**5/20 + k**4/12 - k**3/6 + 5*k**2 - 2*k. Calculate the remainder when 19 is divided by s(0).
9
Let c = 27 - -74. Calculate the remainder when c is divided by 27.
20
Suppose -27 = -g - 2*c + 13, -4*c - 160 = -3*g. Let u = 78 - g. What is the remainder when u is divided by 11?
8
Calculate the remainder when 14 is divided by (-2*2)/(16/(-40)).
4
Suppose -3*f - 2*f + 95 = 0. What is the remainder when 75 is divided by f?
18
Let z = 74 - 42. Calculate the remainder when z is divided by 12/(-18) + (-106)/(-6).
15
Let k(m) = -m**3 + 8*m**2 + 6*m - 6. What is the remainder when k(8) is divided by (3 - 1)/(4/30)?
12
Let t = -4 - -8. Let m(l) = l**2 + 6*l - 4. Let b be m(-6). What is the remainder when b/(-14) + (-68)/(-7) is divided by t?
2
Let a(x) = -x**3 - 3*x**2 + 2*x. What is the remainder when a(-5) is divided by ((-12)/(-9))/((-4)/(-42))?
12
Let r(f) = 8*f + 1. Let b be r(-1). Let j = b - -14. Let w(t) = 19*t + 1. Calculate the remainder when w(1) is divided by j.
6
Suppose 5*d = d + 28. Calculate the remainder when d is divided by 3.
1
Let u(l) = l**3 - l**2 + 30. Let f be u(0). Suppose 4*w + 11 = -17. Let t = f + w. What is the remainder when t is divided by 8?
7
Suppose 3*g + 39 = 5*f, 4*g + 3 = -5*f + 21. Calculate the remainder when 35 is divided by f.
5
Suppose c = 6*c - 10. Let z = c - 6. What is the remainder when 30 is divided by (-28)/(-2) + z/(-2)?
14
Suppose -4*a + 31 = -3*a. What is the remainder when a is divided by 11?
9
Suppose -3*r = 2 + 1. Let p(j) be the second derivative of -3*j**5/20 - j**4/12 + j**3/6 + j**2/2 + 5*j. What is the remainder when 5 is divided by p(r)?
1
What is the remainder when 55 is divided by (-4 + -20)/((-2)/1)?
7
Suppose -3*c - 2*u = -0*u - 216, 5*c = -4*u + 358. Let v = 1 - -24. Calculate the remainder when c is divided by v.
24
Let l = -16 - -10. Let o = l + 9. Calculate the remainder when 4 is divided by o.
1
Suppose 3*r = -k + 2*k + 32, 3*k = -3*r + 36. Let c(j) = 10*j - j - 5 - 3*j. What is the remainder when c(6) is divided by r?
9
Suppose -x + 7 = 2. What is the remainder when 19 is divided by x?
4
Let r = -111 - -121. What is the remainder when r is divided by 3?
1
Let b(q) = 2*q**2 + 3*q - 2. Suppose 2*v + 56 = 3*v - 5*d, -2*v + 5*d + 107 = 0. What is the remainder when v is divided by b(-4)?
15
Let h(l) = l**3 + 5*l**2 - l + 2. Let o be (1 - 6/3)*5. Calculate the remainder when 27 is divided by h(o).
6
Let f(a) = -a**2 - 20*a + 46. What is the remainder when 198 is divided by f(-21)?
23
Let m = 22 + -62. Let l = 86 + m. What is the remainder when l is divided by 16?
14
Let p = 53 + -12. Calculate the remainder when p is divided by 11 + (-10)/(-2) + -2.
13
L